 common factor of 165 and n?
15
Suppose -j - 186 = -3*a, 5*a - 2*j - 300 = 3*j. What is the highest common divisor of a and 9?
9
Let k(d) = 32*d + 1. Suppose 1 = 4*p - 3. Let a be k(p). Let t be (1/(-2))/(3/(-18)). Calculate the greatest common divisor of a and t.
3
Let j(o) = -o**3 - o + 456. Let z be j(0). Suppose z + 160 = 7*b. Suppose -33 = -3*a - 0. Calculate the highest common factor of a and b.
11
Let q(j) = -j**3 + 7*j**2 + 10*j - 28. Let r be q(3). What is the greatest common divisor of 2 and r?
2
Suppose 4*c - 104 = -0. Suppose -6*k + 46 = -c. What is the highest common factor of 108 and k?
12
Suppose 19 = 3*a + 7. Suppose -2*g - 2 = -0*g - 4*s, -5*g + 17 = s. Suppose -g*x + 6 = -6. What is the highest common factor of x and a?
4
Let u(v) = -203*v**3 - 2*v - 1. Let k be u(-1). Calculate the greatest common factor of k and 12.
12
Let f(w) = -10*w + 9. Let a be f(-9). Calculate the highest common factor of a and 9.
9
Let c(l) = l**2 + l + 6. Let j be c(0). Calculate the highest common factor of j and 3.
3
Suppose 0*t + 2*t = 3*b - 37, 2*t + 15 = b. What is the greatest common factor of b and 55?
11
Suppose 4*x - 32 = -4*i, x + 0*x + 3*i = 12. What is the greatest common divisor of x and 30?
6
Suppose 0 = 2*d + 3*h - 67, 4*d - 86 - 51 = -5*h. Calculate the greatest common divisor of 342 and d.
38
Let a be ((-3)/(-3))/(3/60). What is the greatest common divisor of a and 20?
20
Let k = 10 + -5. Let c = 32 + -22. Calculate the highest common factor of c and k.
5
Suppose 0*w + 30 = 3*w. Let k be (2/6)/((-2)/42). Let m(a) = a**2 + 6*a - 2. Let l be m(k). What is the highest common divisor of w and l?
5
Suppose -5*w + 1665 = 335. What is the highest common factor of 38 and w?
38
Suppose 9*z - 16 = 8*z. Calculate the highest common divisor of 40 and z.
8
Suppose 2*f + 7*h = 2*h - 3, 0 = -5*f - h + 27. Calculate the highest common factor of 15 and f.
3
Suppose -63*y = -54*y - 54. Let d be 7 + (2*-1 - -1). What is the greatest common divisor of y and d?
6
Suppose 3*v = -2*v + 360. Calculate the greatest common divisor of v and 8.
8
Let x(a) = 2 - 2 + 0 + 2*a**2 - 5*a. Let d be x(4). Calculate the greatest common factor of 6 and d.
6
Let t(c) = c**2 + 24*c + 38. Let n be t(-24). What is the highest common divisor of 266 and n?
38
Let k(n) = n**3 + 4*n**2 + 0*n**3 - 2*n**2 - 6*n. Let z be k(4). Suppose 2*d = a + 16, 2*d - a - a - 16 = 0. What is the greatest common divisor of z and d?
8
Let n be 65 + 0*3/6. Let y(m) = 10*m**2 - 2*m + 2. Let o be y(2). Let h = o + -12. What is the greatest common factor of n and h?
13
Let g(r) = -12*r + 2. Let b be g(-4). Suppose 0 = -4*h - a + 42, 4*h - 3*a = 2*h + 14. Calculate the greatest common divisor of b and h.
10
Let i(d) = d**2 + 5*d - 5. Let a be i(-6). Let h(q) = 2*q**2 - q + 1. Let z be h(a). Let x be -2 - ((-9)/1 - z). What is the greatest common factor of x and 1?
1
Suppose 0 = -2*g - g. Suppose 0*n - n = g. Let y(k) = -k**3 - k + 36. Let t be y(n). Calculate the highest common divisor of t and 9.
9
Let o be 76/1 + (-4)/4. Let q be (4 + -1 + 12)*1. Calculate the greatest common factor of q and o.
15
Let t be (-1 - (-5)/2)*2. Suppose 296 = t*o - 55. Let f be (-114)/(-9) + (-1)/(-3). Calculate the highest common factor of o and f.
13
Suppose 0 = -0*x - 2*x + 1280. Let y be x/45 - 4/18. Suppose -4*n + 57 = -55. What is the highest common divisor of y and n?
14
Suppose 137 = o - 3. What is the greatest common divisor of 14 and o?
14
Let q = -29 + 63. Calculate the highest common factor of q and 51.
17
Let f = 0 + 1. Let d be (-374)/(-2) - 0/f. Let m(a) = a**2 - 8*a + 24. Let i be m(7). What is the greatest common factor of d and i?
17
Let k be -2 + 4*(2 - 1). Suppose 3*h + 0*u - 16 = -u, k*h + 4*u = 4. Calculate the highest common divisor of h and 42.
6
Let v = -122 + 185. What is the highest common divisor of v and 21?
21
Let t(j) = j**3 - j**2 + 12. Let f be t(0). Suppose -13*l = -f*l - 6. What is the highest common factor of 42 and l?
6
Suppose -2*x - 480 = -4*a, -2*x + 291 = 2*a + 51. Let j = 445 - 430. What is the greatest common factor of a and j?
15
Suppose 2*f - 6*k = -2*k + 26, -4*k = 5*f - 37. Let o = f - 1. Calculate the highest common factor of 16 and o.
8
Suppose -4*s + 77 = 13. Calculate the greatest common divisor of 112 and s.
16
Let k(f) = 4*f - 1. Let q be k(4). Let l = 21 + 15. Suppose -r - 78 = -5*g, l = 2*g - 0*g - 2*r. What is the highest common factor of q and g?
15
Let x be 478/14 + (-15)/105. What is the highest common divisor of 85 and x?
17
Let n(q) = 6*q**2 + 10*q + 9. Let w(y) = -y**2 - y - 1. Let u(m) = n(m) + 4*w(m). Let b = -1 - 3. Let j be u(b). What is the greatest common factor of 13 and j?
13
Suppose -7*i = -5*i - 24. Calculate the highest common factor of 15 and i.
3
Let q = 57 - 37. What is the greatest common divisor of q and 60?
20
Let h = -532 + 757. Suppose 2*d - 395 = -4*t + d, -5*t + 3*d = -515. Suppose 3*g + g - t = 0. Calculate the highest common divisor of h and g.
25
Suppose 5 = l + 4*l. Let u(o) = 139*o**3 + o**2 - o + 1. Let f be u(l). Calculate the greatest common factor of 20 and f.
20
Let u = -14 - -28. Let i = -21 - -77. What is the greatest common divisor of i and u?
14
Let z = -88 + 47. Let p = z - -71. Calculate the highest common divisor of p and 15.
15
Let a(b) = -b**2 - 7*b + 2. Let o be a(-7). What is the highest common factor of o and 1?
1
Let s = 80 + -45. What is the highest common factor of 385 and s?
35
Suppose -t - t = 6. Let j(u) = -u**3 - u**2 + 3*u. Let b be j(t). What is the highest common factor of 54 and b?
9
Suppose h - 17 = 2*n, -n - 2*h = 3*h + 25. Let t be 4/3*(-3)/(-2). Let s = t - n. Calculate the highest common divisor of s and 18.
6
Suppose 0 = 3*t + 2*q - 571, -282 = -t + q - 100. What is the greatest common factor of t and 11?
11
Let h = 13 + 7. Suppose -10 = -2*l - 0*l - 5*x, 0 = 2*l - x - 10. What is the greatest common divisor of l and h?
5
Suppose -1 = 2*q - 7. Suppose 0*n - q*u = 4*n - 41, 2*u - 46 = -5*n. Let h be 1734/27 - (-4)/(-18). What is the greatest common factor of h and n?
8
Suppose -3*d = -5 - 10. What is the highest common divisor of d and 5?
5
Suppose 6*h = 3*h + 2*j + 102, -93 = -3*h + 5*j. Calculate the greatest common divisor of 27 and h.
9
Suppose 0 = 2*u - 10 + 2. Let a(y) = 20*y - 5. Let n be a(u). Let f(g) = g**3 - g**2 - g. Let l be f(3). What is the greatest common factor of l and n?
15
Suppose q - 3 = 2*o - 44, 66 = 2*o + 4*q. Let t(s) = 8*s**2 - 5*s - 5. Let z be t(6). What is the highest common divisor of z and o?
23
Suppose 7 + 1 = -q. Let s = q + 16. Calculate the highest common factor of s and 8.
8
Let a(q) = -14*q - 13. Let t(l) = -5*l - 4. Let j(d) = -6*a(d) + 17*t(d). Suppose 0*s = 3*s. Let g be j(s). Calculate the highest common factor of 10 and g.
10
Suppose -7*v + 115 = -2*v. Suppose -4*z + 12 = c - 5, -2*c - z + 13 = 0. Suppose j - c*j = -184. Calculate the greatest common factor of v and j.
23
Suppose s + 0*s - 3 = 0. Suppose 0*h = s*h - 24. Let c(f) = f**3 + 8*f**2 - 8. Let b be c(-6). What is the greatest common divisor of h and b?
8
Let x = -45 + -12. Let d be (-4 - -6)/2 - x. What is the greatest common factor of 87 and d?
29
Suppose 0 = -5*h + h. Let s be -27*(24/(-9) + h). Let g = -3 - -12. What is the highest common factor of s and g?
9
Let q = 111 + -70. Suppose 53 = 3*m + m + u, 4*m + 5*u = q. What is the highest common divisor of 42 and m?
14
Let z = 48 + -39. Suppose k = -5*w - 20, 3*k + 0*k = -2*w + 5. Suppose -k*h + 4*g + 217 = 0, 3*g = 4*h - g - 172. What is the highest common factor of h and z?
9
Suppose -14*c - 54 = -488. What is the highest common divisor of 186 and c?
31
Suppose 6*i - 3*i = 6. What is the greatest common factor of i and 22?
2
Let f(i) = -i**3 - 8*i**2 - 2*i - 10. Let y be f(-8). Let z be y/(-9) + (-1438)/(-6). Let t = z + -86. What is the greatest common divisor of 17 and t?
17
Let i(u) = u**3 - 6*u**2 - 9*u + 6. Let h be i(7). Let m be -4 - h - (-1 + 2). What is the highest common divisor of 2 and m?
1
Suppose 4*s - 10 = -s. Let f be (-1 + 0)*(s + -4). Suppose -n = f*g + 1, g + 7 = -g - 3*n. What is the highest common factor of 11 and g?
1
Suppose -4*t + 4*n - 7 - 9 = 0, -3*t = -5*n + 10. Let k = 53 + t. Calculate the highest common factor of